 (6/(-8))/(19 - 1378615/72556)?
10
Suppose 3*u - 936 + 228 = -2*g, -480 = -2*u - 4*g. What is the remainder when 1627 is divided by u?
223
Calculate the remainder when 245 is divided by (-36 - -39) + (30 + -2)*6.
74
What is the remainder when 77 is divided by (5/((-40)/(-6)))/(141/7144)?
1
Let l(t) = 18*t**3 - 2*t**2 + 4*t - 4. Suppose -3 = 365*a - 368*a. What is the remainder when 236 is divided by l(a)?
12
Let r(s) = s**3 - 13*s**2 + 21*s + 48. Suppose -3*v + 632 = -133. Calculate the remainder when v is divided by r(11).
33
Suppose -65801*d + 65811*d = 3220. What is the remainder when d is divided by 15?
7
What is the remainder when (-15519)/(-14)*90/45 is divided by 30?
27
Suppose 9961 = 113*l - 12074. Calculate the remainder when l is divided by 81.
33
Suppose 12*x = 12801 + 11391. What is the remainder when x/44 - 22/(-121) is divided by 14?
4
Suppose 61455 = 91*a + 164*a. Calculate the remainder when 490 is divided by a.
8
Suppose -3129 = -3*w + 3*m, 75*w - 3*m + 2106 = 77*w. Calculate the remainder when 3143 is divided by w.
2
Suppose 79*r + 6*r - 12155 = 0. Suppose 4*u - 3*g = r, 5*u - 97 - 83 = 4*g. Let d(p) = -p + 9. Calculate the remainder when u is divided by d(0).
5
Suppose q - 2*b - 1138 = 0, 3*q + 2*b = -2*q + 5690. Calculate the remainder when q is divided by 76.
74
Let s = -44 - -44. Let r be s - 9/6*-12. Let f = -11 + r. Calculate the remainder when 17 is divided by f.
3
Suppose -4*f + m + 20 = -0, 2*f + 4*m - 10 = 0. Suppose 3*i = -5*g + g + 49, -3*g - f*i = -23. What is the remainder when 186 is divided by g?
10
Let x(d) = d**3 - 9*d**2 - 9*d + 19. Let b = 23 + -20. Suppose -2*h + 45 = b*h - 5*m, 2*m = -6. What is the remainder when x(10) is divided by h?
5
Suppose -4*l + 2 = 6. Let t = 333857 + -333726. Calculate the remainder when t is divided by 0 - -44 - (1 + l).
43
Suppose -477141 + 18779 - 277400 = -149*h. Calculate the remainder when h is divided by 20.
18
Suppose 15*q - 17205 + 17062 = 4*q. Suppose -18 = -b + 5*n + 35, 103 = 3*b - n. What is the remainder when b is divided by q?
7
Suppose 0*d = -4*d + 20. Suppose -r + d = 3*n, 0 = 5*r + n + n - 51. Suppose 16 = 5*l + r. What is the remainder when 3 is divided by l?
0
Let j(c) = c**3 - 10*c**2 + 13. Let k(q) = -4*q. Let h be k(-1). Suppose -125 = -g - h*g. Calculate the remainder when g is divided by j(10).
12
Let d(s) = 6*s**2 - 9*s - 30. Suppose r - 5 = -h - 9, -5*h - 4 = r. Calculate the remainder when d(r) is divided by 31.
9
Let x(f) = 48*f + 686. What is the remainder when x(-10) is divided by 29?
3
Let t(g) = -20*g + 22. Let u = -71 + 111. Let p be (-8)/u - 78/10. Calculate the remainder when t(p) is divided by 37.
34
Suppose 938 = -18*b + 85*b. What is the remainder when 1621 is divided by b?
11
Let x = -314 - -557. What is the remainder when x is divided by 19?
15
Let y = -6389 - -6405. Calculate the remainder when 1902 is divided by y.
14
What is the remainder when 2584 is divided by 15/20 + 99/12 + 140/35?
10
Let c(k) = k + 1. Let a be c(1). Suppose -a*j = -q - 52, 4*j = -j - 3*q + 152. Calculate the remainder when 139 is divided by j.
27
Let n(r) = 9 + 35*r - 79*r + 41*r. Suppose -7 = 2*h + 5. What is the remainder when 50 is divided by n(h)?
23
Let y be 0 - 0 - (-1160)/20. Suppose 0 = 13*d + y - 526. What is the remainder when d is divided by 15?
6
Suppose -63 = c - 4*c. Let p(n) = 622*n + 33825. Calculate the remainder when p(-53) is divided by c.
19
Let a(j) = -3*j**3 + 4*j - 1. Let g = -230 - -222. Calculate the remainder when a(-3) is divided by 2/g - (-171)/12.
12
Suppose 41*n - 849 - 873 = -n. Calculate the remainder when 939 is divided by n.
37
Let y(b) = 26*b - 12. Let r be y(8). Suppose -r = 10*v - 14*v. What is the remainder when 144 is divided by v?
46
Let n(o) = o**2 - 13*o - 12. Let h be n(14). Suppose 2*i = -h*q + 138, -2*i - q = -12 - 125. Calculate the remainder when 100 is divided by (-3)/(9/i)*9/(-6).
32
Let a(h) = 28*h. Let p be a(-1). Let n = -331 + 311. Let l = n - p. What is the remainder when l is divided by 3?
2
Let z = -441 + 818. Suppose -2*p + i + 157 = 0, 5*p - 380 = -2*i - 10. Calculate the remainder when z is divided by p.
73
Let n = -3741 - -3908. Calculate the remainder when 843 is divided by n.
8
Let b = 149 - 143. Let z(l) = 7*l**2 - 4*l - 4. Calculate the remainder when z(b) is divided by 38.
34
Let v(o) = 139*o + 3768. What is the remainder when v(-6) is divided by 8?
6
Let s be 2/(-2 - (-24)/10). Suppose -47 = -3*a + s*x, 5*a + 0*x - 49 = x. What is the remainder when 252/16 - 10/(-8) is divided by a?
8
Let i = 511 - 96. Calculate the remainder when i is divided by ((-1260)/(-546))/((-10)/(-156)) - -2.
35
Let v = 3025 - 2316. Calculate the remainder when 716 is divided by v.
7
Let y(p) = -2930*p + 11727. Let a(x) = 81*x**2 + 2*x + 3. Let q be a(3). What is the remainder when 2/7 + q/14 is divided by y(4)?
4
Suppose 2*d + 1310 = 6*d + 1238. What is the remainder when 2032 is divided by d?
16
Let p = 166 + -168. What is the remainder when 39 is divided by (20 + 1)*(6 - 5) - p?
16
Let q = 142 + -2. Let x = -72 + q. Suppose 0 = -2*u + 2 + 22. Calculate the remainder when x is divided by u.
8
Let a be (0 + 1)/(5*(-6)/(-60)). Suppose -3*w + 435 = a*w. What is the remainder when w is divided by 15?
12
Suppose -88*d + 91*d = 237. Let n(s) = -2*s**2 - 7*s + 5. Let f(x) = x**2 - 1. Let h(q) = -3*f(q) - n(q). What is the remainder when d is divided by h(3)?
9
Let p(r) = r**3 - r**2 - 14*r + 8. Let d = 124 - 33. Let g = -16 + d. Calculate the remainder when g is divided by p(5).
37
Let i(q) = 5*q**2 - 2*q + 7. Let c be i(0). Let d(j) = 2*j**2 - j - 5. What is the remainder when d(-4) is divided by (3 - 3)/(-1 + 0) + c?
3
Calculate the remainder when 700 is divided by 14 + 8/(-4)*(-24)/(-16).
7
Suppose 260 = q + 3*s, -2*q - q + 796 = s. What is the remainder when 44 is divided by 5 - (-23)/(-5) - q/(-10)?
17
What is the remainder when 3721 is divided by (-4750)/(-42) - (-518)/(-5439)?
105
Let k = 2185 - 1634. Calculate the remainder when k is divided by 17.
7
Suppose 28017 = 237*r - 160161. What is the remainder when 5566 is divided by r?
8
Let a(f) = -89*f**2. Let w be a(-1). Let k = -76 - w. Let p(j) = -j**3 - 11*j**2 - 8*j + 14. Calculate the remainder when p(-11) is divided by k.
11
Let g(a) = a**3 - 11*a**2 + 14*a - 24. Let j be g(10). Suppose -j*h - 200 = -24*h. What is the remainder when 84 is divided by h?
9
Let t(n) = -367*n. What is the remainder when t(-1) is divided by 100?
67
What is the remainder when 2/29 + (-2476017)/(-2987) is divided by 3?
1
Suppose -33*b - 10 = -35*b. Suppose 0 = -b*l + 20 + 155. Calculate the remainder when 208 is divided by l.
33
Suppose 0 = -40*c + 35*c + 11360. Suppose -u - c = -9*u. What is the remainder when u is divided by 72?
68
Suppose t - 134*a = -139*a + 97, -3*a = -6. What is the remainder when 956 is divided by t?
86
Let q be (68/8 - 9)*(-2 + -156). Suppose -q = -3*a + 89. Let z(s) = -19*s. What is the remainder when a is divided by z(-1)?
18
Let w(j) = 13*j + 3. Let i be w(7). Let b = 116 - i. Calculate the remainder when 305 is divided by b.
19
Suppose -3*m - 1 - 20 = y, -2*y = -5*m - 46. What is the remainder when ((-1)/1)/((-1)/26) is divided by ((-27)/6)/(0 + 4/m)?
8
Let h = -745 - -3395. What is the remainder when h is divided by 22?
10
Suppose -2*t + 2*y = -484, -4*y = t + 5*t - 1412. Calculate the remainder when t is divided by 87.
64
Suppose -17*h = -12*h - 10. Suppose u + 1 = 3*y, -5*y - h = 3. What is the remainder when 36/15*(-10)/u is divided by 2?
0
Suppose 0 = 3*x + 4*h - 148 - 214, 0 = -4*h - 4. Suppose 0 = 3*b + 32 - x. Calculate the remainder when 207 is divided by b.
27
Let h = 62 + -58. Suppose 14*n - 79 = 13*n - 5*a, -2*n - h*a = -140. Calculate the remainder when 188 is divided by n.
60
Let k(q) = -7*q + 76. Let r(t) = 3*t**2 - 3*t + 5. Let i be r(2). Let x(n) = 2*n**3 - 22*n**2 + 8*n - 11. Calculate the remainder when x(i) is divided by k(7).
23
Let m(l) = -25*l - 45. Let r be m(-3). Suppose -25*i = -r*i + 1630. What is the remainder when i is divided by 82?
80
Suppose -h = -y - 177, 2*h - 200 = -2*y + 138. Suppose 5*u - 303 = -3*v, -3*u + h = -19*v + 23*v. What is the remainder when u is divided by 37?
26
Suppose 6*j - 2*j - 428 = 0. Suppose 3857 = 330*